 m(f) = 4*f - 182. Determine m(45).
-2
Let s(h) = -14*h + 166. Give s(11).
12
Let s(a) = a**3 + 22*a**2 + 21*a - 17. Give s(-21).
-17
Let n(f) = f**3 + 8*f**2 - 8*f + 5. Determine n(-9).
-4
Let j(f) = -f**3 - 6*f**2 + 1. What is j(-6)?
1
Let y(v) = 2*v**2 - 3*v - 1. What is y(3)?
8
Let g(s) = -s**2 + 9*s - 8. What is g(9)?
-8
Let r(n) = n**2 - 53*n + 393. Calculate r(9).
-3
Let c(x) = -25*x. What is c(1)?
-25
Let o(g) = 3*g + 16. Give o(-6).
-2
Let a(u) = 9*u + 126. Calculate a(-11).
27
Let n(m) = -m**3 + 17*m**2 - 14*m - 1. Give n(16).
31
Let x(m) = -m**3 - 15*m**2 - 14*m - 1. Calculate x(-14).
-1
Let x(n) = -7*n - 99. Determine x(-15).
6
Let c(b) = -6*b + 131. Determine c(29).
-43
Let p(z) = 2*z - 14. Determine p(12).
10
Let y(g) = -15*g - 188. Determine y(-13).
7
Let d(r) = -r**2 + 7*r + 4. What is d(10)?
-26
Let o(z) = -5*z**2 - 49*z + 22. What is o(-10)?
12
Let w(j) = j + 14. Give w(5).
19
Let q(u) = 2*u**2 - 21*u - 11. Give q(11).
0
Let t(u) = 3*u - 5. Calculate t(4).
7
Let a(l) = -2*l**3 + 3*l**2 - 2*l - 5. Determine a(-2).
27
Let x(p) = -3*p**2 - 3*p - 1. Calculate x(-2).
-7
Let x(u) = -2*u**3 + 2*u**2 - 4*u + 2. Give x(2).
-14
Let q(d) = 2*d - 12. Determine q(-1).
-14
Let o(w) = w**2 + 14*w + 9. Give o(-6).
-39
Let u(c) = 2*c**2 - 13*c + 22. Determine u(7).
29
Let n(f) = -17*f - 62. Determine n(-3).
-11
Let g(o) = -4*o**2 - 2*o + 4. Calculate g(1).
-2
Let q(v) = v**3 - 7*v**2 + 2*v - 4. What is q(4)?
-44
Let u(i) = -6*i. What is u(7)?
-42
Let l(q) = q + 6. Determine l(-4).
2
Let u(s) = 17*s - 2. What is u(-3)?
-53
Let y(a) = -4*a**3 - 22*a**2 - 10*a + 1. Give y(-5).
1
Let w(s) = -10*s**2 + 3*s - 2. What is w(-2)?
-48
Let s(y) = -y**3 + 8*y**2 - 5*y - 2. What is s(7)?
12
Let b(f) = 14*f - 13. Give b(2).
15
Let h(m) = m**3 - 4*m**2 - m + 2. Calculate h(5).
22
Let f(i) = -72*i + 506. Calculate f(7).
2
Let q(y) = -9*y - 80. What is q(-10)?
10
Let w(k) = 4*k. Determine w(-1).
-4
Let k(a) = -a**3 - 13*a**2 - 11*a - 29. Calculate k(-12).
-41
Let j(a) = -6*a - 3. Calculate j(0).
-3
Let a(m) = m**2 - 6*m - 10. Determine a(7).
-3
Let s(j) = -j**2 - 7*j - 19. Calculate s(0).
-19
Let a(o) = o**3 - 3*o**2 + 3*o - 10. Determine a(4).
18
Let r(w) = -13*w + 6. Calculate r(0).
6
Let v(n) = -2*n + 14. What is v(-5)?
24
Let l(v) = -3*v**2 - 3*v + 9. What is l(-5)?
-51
Let o(a) = 10*a + 38. Determine o(-6).
-22
Let v(u) = -u**2 - 9*u - 12. Give v(-9).
-12
Let d(c) = c**3 - 6*c**2 + 29*c - 90. What is d(4)?
-6
Let c(a) = a**3 + 9*a**2 - 8*a + 20. What is c(-9)?
92
Let t(c) = -72*c - 7. Give t(0).
-7
Let t(k) = -3*k + 30. What is t(12)?
-6
Let j(o) = -4*o - 7. Determine j(-2).
1
Let j(o) = o**2 - 20*o + 90. What is j(18)?
54
Let l(y) = 20*y + 12. Give l(-4).
-68
Let c(y) = -y**3 - 18*y**2 - 12*y + 85. What is c(-17)?
0
Let x(r) = -2*r**2 - 2*r + 4. Give x(-2).
0
Let i(c) = -4*c**3 + c**2 + 3*c + 5. Give i(-2).
35
Let c(l) = -2*l**2 + 23*l + 54. Calculate c(20).
-286
Let d(s) = 14*s**2 + 293*s - 16. Calculate d(-21).
5
Let f(j) = j**2 + 7*j - 1. What is f(-6)?
-7
Let f(c) = -c**3 - 5*c**2 + 2*c - 20. Calculate f(-6).
4
Let r(d) = d**3 - 2*d**2 - 4*d + 1. Determine r(3).
-2
Let h(o) = o + 10. Determine h(-9).
1
Let i(v) = 3*v + 8. Calculate i(-6).
-10
Let x(a) = 3*a + 91. Calculate x(-31).
-2
Let u(k) = -k - 21. Calculate u(-24).
3
Let x(f) = -f**3 + 17*f**2 - 35*f - 94. Determine x(14).
4
Let z(s) = -31*s + 5. Calculate z(1).
-26
Let v(w) = w**2 - 10*w + 14. Give v(9).
5
Let g(d) = 16*d**3 + d**2. What is g(-1)?
-15
Let p(h) = -h**3 + 5*h**2 + 5*h - 5. What is p(6)?
-11
Let o(f) = -f**3 + f**2 + 5*f - 7. What is o(-3)?
14
Let a(b) = -10*b + 22. Give a(5).
-28
Let b(l) = l**3 + 17*l**2 + 62*l + 29. Calculate b(-12).
5
Let z(c) = c**3 + 10*c**2 + 1. Calculate z(-10).
1
Let j(c) = 20*c**3 + c**2 - 4*c - 4. What is j(-1)?
-19
Let y(x) = -x**3 - 6*x**2 - 2*x - 4. Give y(-6).
8
Let r(g) = -11*g**2 - 2*g + 1. Calculate r(1).
-12
Let u(b) = -b - 3. Determine u(-7).
4
Let l(w) = 20*w + 380. What is l(-20)?
-20
Let r(k) = -k - 23. Give r(-13).
-10
Let i(o) = o**3 - 12*o**2 - 14*o + 17. Determine i(13).
4
Let r(a) = -a**3 - 8*a**2 + 8*a + 7. Determine r(-9).
16
Let l(y) = y**2 - 8*y - 4. Give l(7).
-11
Let g(u) = 2*u - 13. Give g(9).
5
Let r(w) = w**2 + 6*w - 1. Give r(-11).
54
Let m(v) = -4*v + 21. What is m(11)?
-23
Let f(z) = 93*z - 840. Calculate f(9).
-3
Let f(l) = l**3 - 52*l**2 - 53*l - 4. Give f(53).
-4
Let i(u) = -3*u**2 - 5*u - 7. Calculate i(-5).
-57
Let x(o) = 8*o + 296. Determine x(-37).
0
Let y(x) = -28*x**2 - 9*x + 10. Calculate y(1).
-27
Let l(i) = i**3 + 4*i**2 - i + 4. Give l(-4).
8
Let j(f) = -f**3 - 7*f**2 - 10*f - 48. Give j(-7).
22
Let y(m) = m + 2. Determine y(10).
12
Let q(n) = -n**3 - 7*n**2 - 8*n - 58. Calculate q(-7).
-2
Let y(n) = n**3 + 14*n**2 - 14*n + 12. Determine y(-15).
-3
Let y(o) = o**2 + 5*o - 14. Determine y(-7).
0
Let u(l) = l**2 + 5*l + 13. Determine u(-5).
13
Let s(y) = y**3 - 9*y**2 + 11. Determine s(9).
11
Let a(t) = -t**2 - 47*t - 137. Give a(-3).
-5
Let x(k) = -49*k**3 + k. Determine x(1).
-48
Let p(a) = 5*a - 7. Determine p(-7).
-42
Let u(f) = -2*f**2 - 17*f + 1. Calculate u(-9).
-8
Let c(b) = b**3 - 36*b**2 - 159*b + 5. Give c(-4).
1
Let v(u) = u**2 + 9*u + 12. What is v(-5)?
-8
Let m(h) = h**3 + 25*h**2 + 26*h + 50. Calculate m(-24).
2
Let y(n) = n**3 + 5*n**2 - 3*n + 13. Determine y(-6).
-5
Let d(y) = y**3 + 9*y**2 + 13*y - 23. What is d(-8)?
-63
Let y(b) = -2*b + 6. Calculate y(3).
0
Let f(j) = -j**3 + 11*j**2 - 12*j + 6. Determine f(10).
-14
Let x(k) = k**3 + 5*k**2 - 3*k - 2. What is x(-5)?
13
Let b(z) = z**3 - 11*z**2 - 11*z - 16. What is b(12)?
-4
Let p(t) = 2*t**3 + 9*t**2 - 2*t - 8. Give p(-4).
16
Let f(x) = x**2 - 7. Calculate f(0).
-7
Let m(s) = -4*s - 3. Calculate m(-2).
5
Let m(b) = 25*b - 21. What is m(3)?
54
Let v(r) = -79*r + 1028. Calculate v(13).
1
Let t(k) = -19*k - 27. Determine t(8).
-179
Let m(s) = s**2 + 26*s + 45. Calculate m(-24).
-3
Let v(r) = -r**3 + 8*r**2 + 6*r + 1. Calculate v(9).
-26
Let l(p) = 4*p**3 + 3*p**2 - p - 2. Calculate l(-1).
-2
Let a(d) = d**2 - 13*d + 39. Determine a(7).
-3
Let j(l) = 27*l**2 + 6*l - 1. Determine j(-2).
95
Let l(j) = 2*j. What is l(1)?
2
Let i(f) = -f**3 - 8*f**2 + 7*f + 10. What is i(-9)?
28
Let l(y) = -2*y**2 + 24*y + 71. Calculate l(15).
-19
Let j(u) = u**3 + 4*u**2 + 5*u - 5. Give j(-3).
-11
Let a(o) = o**2 + 8*o - 12. Give a(-9).
-3
Let r(m) = 3*m + 2. Determine r(-1).
-1
Let y(z) = -10*z**2 - z + 1. Calculate y(-2).
-37
Let t(y) = y**2 - 11*y - 13. Give t(10).
-23
Let b(f) = -f - 7. Determine b(-18).
11
Let t(j) = -7*j - 104. Calculate t(-17).
15
Let a(c) = c**3 + 5*c**2 + 4. Calculate a(-5).
4
Let h(s) = -s**3 + 10*s**2 - 12*s - 12. Give h(8).
20
Let k(q) = 11*q**2 - 80*q + 13. What is k(7)?
-8
Let w(i) = i**2 + 8*i - 3. What is w(-7)?
-10
Let h(f) = f**3 + 26*f**2 - 54*f + 71. What is h(-28)?
15
Let d(m) = m**2 - 2*m - 4. Give d(0).
-4
Let j(k) = -2*k**2 + 3*k + 5. Determine j(4).
-15
Let u(p) = 5*p - 1. What is u(-8)?
-41
Let l(d) = 30*d**2 + 1. Calculate l(1).
31
Let p(s) = -s**3 - 13*s**2 + 12*s - 24. Calculate p(-14).
4
Let m(h) = -h**3 + 8*h**2 + 15*h - 29. Determine m(9).
25
Let q(x) = -18*x + 9. Calculate q(-2).
45
Let u(l) = -l - 3. Determine u(-16).
13
Let w(v) = v**2 + 3*v. Calculate w(-3).
0
Let a(t) = 2*t**2 + 2*t + 2. Determine a(-2).
6
Let v(w) = 17*w + 27. What is v(-2)?
-7
Let t(m) = -m**2 - 5*m - 5. Determine t(-1).
-1
Let h(j) = -12*j - 3. Calculate h(-3).
33
Let s(b) = -b**2 - 3*b + 10. Calculate s(-5).
0
Let h(c) = 50*c - 537. Calculate h(11).
13
Let o(r) = r**2 + 5*r - 3. What is o(-5)?
-3
Let j(k) = -5*k - 91. Calculate j(-19).
4
Let r(p) = p**2 + 6*p - 58. Give r(-13).
33
Let z(d) = d**3 + 6*d**2 + 2*d + 9. Calculate z(-6).
-3
Let d(t) = t**2 - 9*t - 12. Determine d(9).
-12
Let b(h) = 2*h**3 - h**2 - 5*h + 3. Determine b(3).
33
Let q(g) = -14*g - 139. What is q(-10)?
1
Let l(c) = -c**3 - 3*c**2 + 11*c + 7. Determine l(-5).
2
Let o(n) = n - 102. Calculate o(20).
-82
Let u(b) = b + 24. What is u(-8)?
16
Let m(o) = o**3 + 8*o**2 - 5*o + 12. What is m(-9)?
-24
Let z(i) = -i**2 - 45*i - 136. Calculate z(-3).
-10
Let f(i) = i**2 + 16*i - 43. Give f(-19).
14
Let r(g) = -g**2 + 12*g - 30. Determine r(6).
6
Let z(r) = -r**3 + 19*r**2 + 